2
What is the hundreds digit of 94943703?
7
What is the hundreds digit of 207607367?
3
What is the tens digit of 18314417?
1
What is the tens digit of 449613295?
9
What is the units digit of 27224033?
3
What is the tens digit of 768038752?
5
What is the thousands digit of 1959091721?
1
What is the millions digit of 102371517?
2
What is the tens digit of 1541909693?
9
What is the hundred millions digit of 168199786?
1
What is the hundreds digit of 49585454?
4
What is the tens digit of 566613782?
8
What is the hundred millions digit of 112882368?
1
What is the millions digit of 5081170375?
1
What is the hundred thousands digit of 1935085909?
0
What is the units digit of 201243741?
1
What is the ten thousands digit of 1201777044?
7
What is the tens digit of 253328937?
3
What is the millions digit of 142172149?
2
What is the units digit of 565508427?
7
What is the tens digit of 4923284046?
4
What is the millions digit of 246122356?
6
What is the millions digit of 22456244?
2
What is the hundreds digit of 590886327?
3
What is the ten millions digit of 1375439441?
7
What is the ten thousands digit of 2725177003?
7
What is the ten millions digit of 182516159?
8
What is the ten millions digit of 38732124?
3
What is the tens digit of 84379202?
0
What is the units digit of 317539331?
1
What is the units digit of 103890498?
8
What is the ten millions digit of 16158236?
1
What is the tens digit of 31936282?
8
What is the units digit of 622837?
7
What is the tens digit of 36132315?
1
What is the units digit of 39596618?
8
What is the hundreds digit of 1070087873?
8
What is the thousands digit of 82326746?
6
What is the millions digit of 6805282482?
5
What is the thousands digit of 3496868132?
8
What is the hundreds digit of 1157920752?
7
What is the ten thousands digit of 11896364?
9
What is the hundred thousands digit of 49911831?
9
What is the hundreds digit of 11273802?
8
What is the thousands digit of 3986347?
6
What is the ten thousands digit of 7626254?
2
What is the thousands digit of 18685341?
5
What is the hundred thousands digit of 67297792?
2
What is the millions digit of 70224808?
0
What is the units digit of 478172264?
4
What is the thousands digit of 34884901?
4
What is the ten millions digit of 29432652?
2
What is the hundreds digit of 941581835?
8
What is the ten millions digit of 117890419?
1
What is the hundred thousands digit of 197707615?
7
What is the tens digit of 121686417?
1
What is the billions digit of 2276534786?
2
What is the ten thousands digit of 193741357?
4
What is the hundred thousands digit of 20106298?
1
What is the units digit of 399063859?
9
What is the millions digit of 1816182243?
6
What is the tens digit of 1044157439?
3
What is the units digit of 395096658?
8
What is the tens digit of 3818473?
7
What is the ten millions digit of 3966961826?
6
What is the tens digit of 1432152194?
9
What is the ten thousands digit of 1384763741?
6
What is the hundreds digit of 150952923?
9
What is the units digit of 3115116564?
4
What is the tens digit of 407794511?
1
What is the hundreds digit of 943299421?
4
What is the hundred thousands digit of 221711293?
7
What is the ten millions digit of 19423475?
1
What is the hundreds digit of 8901844?
8
What is the ten millions digit of 115039780?
1
What is the units digit of 5521911291?
1
What is the ten thousands digit of 9618790?
1
What is the hundred millions digit of 432847401?
4
What is the tens digit of 306455815?
1
What is the millions digit of 6102270683?
2
What is the ten millions digit of 16727661?
1
What is the ten millions digit of 91695651?
9
What is the millions digit of 1091127890?
1
What is the millions digit of 1029927222?
9
What is the ten millions digit of 3225139707?
2
What is the tens digit of 2314737011?
1
What is the ten thousands digit of 3180634147?
3
What is the thousands digit of 172384?
2
What is the ten thousands digit of 3001871537?
7
What is the thousands digit of 7966715?
6
What is the tens digit of 75773949?
4
What is the ten millions digit of 810846764?
1
What is the hundred thousands digit of 6789755260?
7
What is the ten millions digit of 708521814?
0
What is the ten millions digit of 125441851?
2
What is the hundred thousands digit of 196551606?
5
What is the hundred thousands digit of 330990895?
9
What is the hundred millions digit of 800962530?
8
What is the tens digit of 392842366?
6
What is the millions digit of 18292950?
8
What is the ten millions digit of 237198616?
3
What is the ten millions digit of 38906375?
3
What is the hundred thousands digit of 563190821?
1
What is the millions digit of 326679942?
6
What is the units digit of 88331027?
7
What is the hundreds digit of 238265670?
6
What is the millions digit of 147909256?
7
What is the units digit of 120112022?
2
What is the hundreds digit of 7812761?
7
What is the millions digit of 191575633?
1
What is the millions digit of 1462918556?
2
What is the tens digit of 561785322?
2
What is the ten millions digit of 60916741?
6
What is the millions digit of 7466877?
7
What is the units digit of 2965011631?
1
What is the thousands digit of 333128126?
8
What is the hundred thousands digit of 2460556?
4
What is the millions digit of 1353154?
1
What is the hundreds digit of 734806082?
0
What is the millions digit of 381207665?
1
What is the hundreds digit of 133491564?
5
What is the millions digit of 9548021?
9
What is the millions digit of 5444667549?
4
What is the tens digit of 210645733?
3
What is the millions digit of 914898351?
4
What is the units digit of 11146011?
1
What is the hundred thousands digit of 140603480?
6
What is the millions digit of 1540879357?
0
What is the thousands digit of 1606623737?
3
What is the units digit of 98496591?
1
What is the ten millions digit of 241862610?
4
What is the ten thousands digit of 1600568699?
6
What is the hundred millions digit of 268971588?
2
What is the thousands digit of 296722992?
2
What is the hundred millions digit of 4166716806?
1
What is the units digit of 65208299?
9
What is the tens digit of 47076531?
3
What is the ten thousands digit of 732879710?
7
What is the ten thousands digit of 58790126?
9
What is the units digit of 36677745?
5
What is the ten millions digit of 260193006?
6
What is the thousands digit of 36132080?
2
What is the thousands digit of 2719345?
9
What is the billions digit of 3457432315?
3
What is the hundreds digit of 1208303133?
1
What is the thousands digit of 89111?
9
What is the tens digit of 444365466?
6
What is the millions digit of 359469659?
9
What is the ten thousands digit of 3261314838?
1
What is the units digit of 243380401?
1
What is the ten thousands digit of 61373852?
7
What is the ten millions digit of 43378366?
4
What is the hundred thousands digit of 5352210?
3
What is the hundred millions digit of 1730407657?
7
What is the ten thousands digit of 75819855?
1
What is the thousands digit of 830193719?
3
What is the hundred thousands digit of 460049126?
0
What is the ten thousands digit of 179462753?
6
What is the tens digit of 60030800?
0
What is the millions digit of 327532090?
7
What is the hundred thousands digit of 83470095?
4
What is the ten thousands digit of 35063501?
6
What is the hundred thousands digit of 816545834?
5
What is the millions digit of 3656006523?
6
What is the hundred thousands digit of 97316608?
3
What is the thousands digit of 662164732?
4
What is the hundreds digit of 239479564?
5
What is the units digit of 402980312?
2
What is the tens digit of 460884938?
3
What is the thousands digit of 755156995?
6
What is the hundred thousands digit of 70193129?
1
What is the hundred millions digit of 3425564368?
4
What is the hundred thousands digit of 2815348?
8
What is the units digit of 478679848?
8
What is the ten millions digit of 2316183827?
1
What is the tens digit of 51833356?
5
What is the ten millions digit of 243106043?
4
What is the hundreds digit of 6344198467?
4
What is the tens digit of 4368151?
5
What is the thousands digit of 56091925?
1
What is the ten millions digit of 2784142585?
8
What is the hundred thousands digit of 329565887?
5
What is the hundred millions digit of 2249246490?
2
What is the millions digit of 65487629?
5
What is the units digit of 515330797?
7
What 